5*o, 3*u - o - 5 = 0. Suppose u*a - 5 = 4*a, 4*p + 4*a - 100 = 0. What is the greatest common factor of 20 and p?
10
Let u(o) = -o + 16. Let n be u(0). Let z(w) = 5*w - 68. Let q be z(22). Let b = q + -18. What is the greatest common factor of n and b?
8
Let b(z) = 3*z**2 + 3*z - 8. Let r be b(3). Suppose 20*g - r = 16*g. What is the greatest common divisor of g and 7?
7
Suppose 3*y - y = -m + 126, 0 = 4*y + 5*m - 246. Suppose -4*d + y = 4*d. What is the highest common factor of 24 and d?
8
Let s be (-6)/(-2 - 1) - -73. Let d be -5 - -2 - (-8)/((-16)/(-66)). What is the greatest common divisor of d and s?
15
Suppose -2*b + 36 = 2*b. Calculate the greatest common divisor of 261 and b.
9
Let a(l) = 5*l + 14. Let d be a(2). Let n = -17 + 25. What is the greatest common divisor of n and d?
8
Let t(x) = 8*x - 5. Let u be t(2). Let y(l) = -l**3 - 8*l**2 + 11. Let c be y(-8). Calculate the highest common divisor of u and c.
11
Let h(g) = -g + 5. Let b be h(8). Let q be 2 + -3 + b + 30. Calculate the highest common factor of q and 13.
13
Let q be ((-3)/9)/((-10)/(-12))*-1155. What is the greatest common factor of q and 42?
42
Let v be 130 + (-1 - (4 - 7)). What is the highest common divisor of 231 and v?
33
Let z = 1037 + -792. Calculate the highest common divisor of z and 49.
49
Let i = 703 + -678. What is the highest common factor of 1075 and i?
25
Let b = 143 + -80. Suppose -2*i + 3*f = 2*i - b, -3*i + 3*f + 51 = 0. Suppose -9*l + 21 + 6 = 0. Calculate the highest common divisor of i and l.
3
Let z be 15 + 2 + 1 + 70/(-7). What is the highest common factor of 248 and z?
8
Let r(m) = -15*m + 6. Let k(s) = 14*s - 2. Let h be k(1). Suppose 4*d + h = d. Let w be r(d). Calculate the greatest common factor of 6 and w.
6
Let f(b) = 27*b - 25. Let p be f(8). Let r = p - 114. Calculate the highest common factor of 11 and r.
11
Let q be ((-8 + 5)/(-9))/((-3)/(-1206)). What is the greatest common factor of 201 and q?
67
Suppose 0 = 7*o - 1 - 363. Suppose 0 = -6*i + o + 164. What is the highest common factor of i and 36?
36
Let m(f) be the third derivative of 19*f**4/8 - f**3/6 + 5*f**2. Let v be m(1). Suppose -5*y + v = -14. What is the greatest common divisor of y and 21?
7
Suppose 5 + 15 = 5*u. Suppose -2 = -u*o + 46. Suppose 0*t = 2*t - 96. Calculate the highest common factor of o and t.
12
Suppose -3*w + 3*o = 7*o - 8, -2*w - 4 = -2*o. Let s be 144/(-32)*4/3. Let a = w - s. Calculate the greatest common factor of a and 3.
3
Suppose 33 = -5*o + 2*o - 4*i, 22 = -2*o + 2*i. Let f(c) = -c**3 - 9*c**2 + 21*c + 19. Let a be f(o). Calculate the greatest common divisor of a and 40.
10
Let n(k) = 3*k + 6. Let x be n(8). Let c be (-21 + 0)/(x/(-20)). Let m = 40 + 58. What is the greatest common divisor of m and c?
14
Let r be (-1)/(5/1095*-3). Suppose -5*b + 137 = -r. Calculate the greatest common divisor of 14 and b.
14
Let p be 8/(-6)*-3 - -14. Calculate the greatest common factor of 16 and p.
2
Let u be 2/(-6) + (-187)/(-3). What is the greatest common factor of 186 and u?
62
Let o = -34 + 36. Suppose 4*x - 2*v - 20 = 8, o*x - 3*v = 14. Let w = 16 + -9. What is the highest common divisor of x and w?
7
Suppose 0 = -8*a + 5*a. Suppose 3*r + a = -3*d + 81, 0 = -5*d. Let v = -9 + r. What is the greatest common factor of v and 2?
2
Suppose -2*k + 3*m + m + 182 = 0, 5*k - 499 = -m. Let s be (-1)/(-4) - 171/12. Let z = s - -23. Calculate the greatest common divisor of z and k.
9
Let i = 99 + 55. Suppose 12*w + 6 = 14*w. Suppose 5*b - 73 = -w. What is the greatest common divisor of b and i?
14
Let a = -986 - -656. Let x be (a/77)/((-3)/14). What is the greatest common factor of x and 4?
4
Suppose n - 597 = 5*k, 2*k = -0*n + 5*n - 2870. What is the greatest common divisor of 13 and n?
13
Suppose -10 = -0*k + k. Let i be (-3)/(-6)*13*10/(-5). Let r = k - i. Calculate the highest common factor of 21 and r.
3
Suppose 0 = 2*j - 3*g + 15, -2*j = -0*g - 2*g + 16. Let n be (-3)/j - (-19)/(-3). Let u be (20/n)/((-2)/69). What is the highest common factor of u and 23?
23
Let x(b) = -b + 19. Suppose 0 = -7*v + 10*v - 21. Let p be x(v). What is the greatest common divisor of p and 20?
4
Let b(h) = 3*h + 27. Let f be b(-8). What is the highest common factor of f and 4?
1
Suppose -2 = -0*i - i. Suppose -34 = 2*f - 6*f - 2*o, 4*f - 46 = i*o. Let g = -133 - -223. What is the highest common divisor of g and f?
10
Let l = -26 - -43. Let i = 26 - l. Calculate the greatest common divisor of 27 and i.
9
Suppose -2*r - 3*f = -84, -5*f - 84 = -5*r + 176. Suppose 25 = -x + r. Calculate the greatest common divisor of 161 and x.
23
Suppose 5*u - 15 = 4*d + 41, -43 = -4*u + 5*d. Suppose -4*o + 3*o = -18. What is the highest common divisor of u and o?
6
Suppose -5*a + a - k = -87, -3*a + 63 = 3*k. What is the highest common divisor of a and 77?
11
Let u(z) = -z**3 - 4*z**2 + 3*z + 4. Let i be u(-5). Suppose -2*t = -0*t + 66. Let a be (42/8)/(t/(-88)). Calculate the greatest common factor of i and a.
14
Suppose 0 = -54*g + 51*g - 3. Let k be (2 + -13)*(0 + g). Calculate the greatest common divisor of 11 and k.
11
Let t = 73 + -66. Suppose -t*k - 6 = -104. Calculate the highest common factor of k and 56.
14
Let d be (-192)/(2 + -3)*43/129. What is the greatest common factor of 416 and d?
32
Let z be 2 + 80/(-38) + (-13600)/(-323). Calculate the greatest common factor of 98 and z.
14
Suppose -3*g + 3*b = -54, 0*b + 2*b - 28 = -2*g. Let d(x) = 4*x**2 + 49 - 3*x**2 + 63 - 2*x. Let a be d(0). Calculate the highest common divisor of g and a.
16
Let s(q) = 10*q**2 + 9 - 4*q**2 + 6*q - 2. Let k be s(-1). Calculate the greatest common divisor of 77 and k.
7
Let q = 67 - 92. Let z be (-10)/q - 766/(-10). Suppose 5*f + 4*r - 23 = 0, 0*f = 4*f + r - 25. What is the greatest common divisor of f and z?
7
Suppose -1215 = -52*c + 1073. Calculate the greatest common divisor of 902 and c.
22
Suppose 3*j = -3*g + 27, -5*j - 4*g + g + 55 = 0. Let h = j + -3. What is the highest common factor of 1 and h?
1
Suppose 5*z = 2 + 8. Suppose -4*i - 18 = z*t, -t + 0*i + 19 = -5*i. Let y be 0 - t - 198/(-9). What is the highest common divisor of 207 and y?
23
Suppose 45 = -5*d + 8*d. Let k be (-4*d)/(-5) + 4. Let l be 6/21 + (-26)/(-7). Calculate the greatest common divisor of k and l.
4
Suppose 0 = -3*m - 11*h + 14*h + 1269, m - 3*h - 415 = 0. Calculate the greatest common divisor of m and 14.
7
Let p = 0 + 3. Suppose -3 = 3*n, 3*n + 250 = 4*q - p*q. Calculate the greatest common factor of q and 13.
13
Let g(n) = 143*n**3 + 2*n**2 - 18*n + 34. Let z be g(2). What is the greatest common factor of 100 and z?
50
Let f be ((-5)/2)/((-2)/68). Let j(v) = 17*v**2 + 275*v + 275. Let u be j(-1). Calculate the greatest common factor of f and u.
17
Suppose -65*j + 64*j = -98. Calculate the greatest common factor of j and 539.
49
Let n be (-2)/2 - -127*1. Calculate the greatest common divisor of 342 and n.
18
Let a be (21/6 - 3)*10. Let m = 18 - -7. Suppose -3*r + a*g + m = r, -r - 5*g = -25. Calculate the greatest common factor of r and 90.
10
Suppose 3*w = -k + 6*k - 32, w + 12 = 2*k. Suppose k*x = -0*x + 240. Calculate the greatest common factor of x and 15.
15
Let u = 30 + -27. Suppose -u*l = 4*l - 49. Calculate the highest common factor of l and 35.
7
Let v(c) = -c**3 + 9*c**2 + 3*c - 3. Let j(l) = l**2 - l - 3. Let p be j(4). Let k be v(p). What is the highest common factor of k and 8?
8
Suppose 0*u + 11 = 3*z - 2*u, 0 = -z - 4*u + 13. Suppose -j + 10 = 5*n, -5 = -5*n - z*j + 25. What is the highest common factor of n and 5?
1
Suppose 108*b = 121*b - 3380. What is the greatest common factor of b and 156?
52
Suppose 0 = -3*v + 5*s + 2790, -5*v + 146 = -5*s - 4494. Calculate the greatest common divisor of 25 and v.
25
Let v(t) = -t + 20. Let o be v(12). Let d be 1/(-5)*-47 + o/(-20). What is the highest common divisor of 45 and d?
9
Let a(i) = 19*i**3 - i. Let f be (-30)/5*(-4)/24. Let v be a(f). Calculate the greatest common factor of 9 and v.
9
Suppose -3264 = -15*c - 36*c. What is the greatest common divisor of 48 and c?
16
Let n = 2030 - 1993. Suppose 0 = 2*a + 4, -3*a = -5*w + 151 + 40. Calculate the highest common factor of w and n.
37
Let h(g) = 7*g**2 - 29*g + 252. Let j be h(8). What is the highest common factor of 72 an